 -8. What are the prime factors of v(j)?
3, 7
Suppose 363 = -h - 3*t, -t = -3*h - 5*t - 1099. Let f = -181 - h. List the prime factors of f.
2, 47
Suppose 0 = -v + 2*v - 2. Let i(s) = 2 + 6 + 4 - v*s. What are the prime factors of i(-14)?
2, 5
List the prime factors of -1919*(2 - (-6 - -9)).
19, 101
Let b = 265 - 289. Let i be 225/6*1*-2. Let p = b - i. What are the prime factors of p?
3, 17
Let t(r) = -r**3 - 33*r**2 - 35*r - 137. List the prime factors of t(-33).
2, 509
Let q(x) = 10*x**2 - 5*x - 9. Let s be q(-5). What are the prime factors of (-2)/8 + s/8?
3, 11
Let x(m) = -171*m + 549. What are the prime factors of x(-8)?
3, 71
Let g = -43 + 51. Suppose 4*j = g*j - 700. List the prime factors of j.
5, 7
Suppose -7 = -q + 6. Suppose -18*o = -q*o - 550. What are the prime factors of o?
2, 5, 11
Suppose -2*q = n - 3*n - 84, q = -2*n + 54. Let d = -161 - -146. Let z = d + q. What are the prime factors of z?
31
Suppose -h - 4*x + 576 = 0, h + 2*x - 568 = -0*x. List the prime factors of h.
2, 5, 7
Let y = 2421 + -387. What are the prime factors of y?
2, 3, 113
Let b(i) = 49*i - 99. What are the prime factors of b(18)?
3, 29
Let y(c) = -1. Let m(b) = -b**2 - 5*b + 4. Let h(p) = m(p) + y(p). What are the prime factors of h(-5)?
3
Suppose b + 2*b = 42. Suppose -2*o + b + 108 = 0. What are the prime factors of o?
61
Suppose 4*s - 6*s + 44 = 0. Let t = -21 + s. List the prime factors of 4*9/6*t.
2, 3
Suppose -4*q + 2*l + 11 = -q, 4*q = 4*l + 16. Suppose 0 = 3*p + q*z + 48, -26 - 6 = p + 5*z. Let o = -4 - p. List the prime factors of o.
2
Let s(i) = -9*i + 2. Suppose -5*k - 9 = 16. What are the prime factors of s(k)?
47
Let m be (-18 + 6)/((-6)/8). Let x(y) = -y**2 + 16*y + 20. List the prime factors of x(m).
2, 5
Let t = 62 - 23. Suppose 3*m + 8 - 20 = 0. Suppose -t + m = -5*l. List the prime factors of l.
7
Let z be (-6)/(1 + 6/(-10)). List the prime factors of (234/24)/(z/(-380)).
13, 19
Let k = -73 - -41. What are the prime factors of (-377)/(-2) - k/(-64)?
2, 47
Let j = -964 - -1936. What are the prime factors of j?
2, 3
Let q = -54 + 370. Let n = q - 152. List the prime factors of n.
2, 41
Suppose s = -3*h + 516, -3*s - 693 = -4*h - 6*s. Let r = h - 63. List the prime factors of r.
2, 3
Let h(q) be the third derivative of -23*q**6/30 + q**5/30 - q**4/24 - 2*q**2. Let p be h(1). Let w = p + 164. List the prime factors of w.
73
Suppose -31867 + 13447 = -10*w. What are the prime factors of w?
2, 3, 307
Suppose -19 = -4*x + 565. Suppose 4*m - 2*n - 126 = 3*m, -x = -m - 3*n. What are the prime factors of m?
2, 67
Let v(z) = -3*z + 17. Let o be v(-12). Let j = 30 + o. What are the prime factors of j?
83
Suppose -290 - 186 = -2*n. List the prime factors of n.
2, 7, 17
Let r = -690 + 1841. List the prime factors of r.
1151
Let x = 56 + -52. What are the prime factors of (-1 - (-272)/x)/1?
67
Let k(l) = -l**2 - 3*l + 20. Let x be k(-6). Suppose j + x*j - 66 = 0. List the prime factors of j.
2, 11
Suppose -709 - 33 = -q + 3*a, -4*q - 5*a = -3036. List the prime factors of q.
2, 13, 29
Suppose -13*a + 16*a - 3 = 0. Let b be (-1)/(a + (-34)/35). Let p = b - -104. List the prime factors of p.
3, 23
Let i(f) = 28*f**3 + 2*f**2 - 2*f + 18. List the prime factors of i(3).
2, 3, 131
Let z = 784 + -720. What are the prime factors of z?
2
Let c(r) = -3*r**2 + 41*r - 21. Let l be c(13). Suppose -l*t = 5*m - 505, -t - 99 = -m - 0*m. List the prime factors of m.
2, 5
Let n(d) = -7*d**3 + d**2 + 4*d - 1. Let w be n(-3). Suppose -w = -t - 4*t. Suppose 47 = 6*s - t. List the prime factors of s.
2, 7
Suppose -51*g - 4041 = -60*g. List the prime factors of g.
449
Suppose -g = t + t + 20, 2*g + 3*t = -37. Suppose -3*a - 21 = -0*a. Let x = a - g. List the prime factors of x.
7
Suppose 0 = 4*l + 3*x + 136, -4*x = -l + x - 57. Let m = 0 - l. List the prime factors of m.
37
Suppose 5*s - 4*y = 3*s + 878, -4*s = 3*y - 1811. Suppose -4*k - 165 = -s. Suppose -2*i = 3 - k. What are the prime factors of i?
2, 17
Let i(w) = -w**2 + 29*w. Let d be i(20). Suppose 0 = -3*q + 4*s + d, -2*s - 2*s - 244 = -4*q. What are the prime factors of q?
2
Suppose t + 14 - 5 = u, -27 = -3*u - 4*t. Let d = u - 25. What are the prime factors of (-1 - d) + (5 - 6)?
2, 7
Let g = -1456 - -2457. What are the prime factors of g?
7, 11, 13
Suppose 49 = 3*u - g, 4*u - 2*u = g + 34. List the prime factors of 648/10 + (-12)/u.
2
Let f = -332 - -569. List the prime factors of f.
3, 79
Let a = -2033 - -3911. What are the prime factors of a?
2, 3, 313
Suppose 3*t - 6 - 48 = 0. Let s be (-15)/(-4) + t/(-24). Suppose k + q + 2*q = 13, 2*k - 26 = -s*q. List the prime factors of k.
13
Let q(d) be the second derivative of -3*d**3/2 - 4*d**2 + 10*d. List the prime factors of q(-6).
2, 23
Let x(n) be the second derivative of 7*n**4/2 + 4*n**3 + 3*n**2/2 + 2*n + 9. What are the prime factors of x(-3)?
3, 103
Let h = -32 + 49. Let f = 20 - h. Suppose 3*k - 3*t - 12 = 0, f*k - 1 = 2*t + 14. What are the prime factors of k?
7
Suppose 514 = 2*m + 2*n, -4*m = 5*n - 415 - 615. List the prime factors of m.
3, 5, 17
Suppose 5*k + 326*p - 2755 = 322*p, 5*p - 2760 = -5*k. List the prime factors of k.
547
Let n be ((-81)/(-18))/((-1)/(-2)). Suppose n*m = 4*m. Suppose -2*w + 18 = -m*w. What are the prime factors of w?
3
Suppose -7 + 4 = -3*v. Let a be 2*v - 340/(-10). Suppose -a = -3*y + 15. List the prime factors of y.
17
Let d = -31 + 79. Let k = d + -45. What are the prime factors of k?
3
Suppose -63 = -3*a + 3. Let n = -916 + 903. Let x = a - n. List the prime factors of x.
5, 7
Let h(u) = u**2 - u + 2. Let r be h(0). Suppose r*t - 5*d = 99, 3*t - 190 = 5*d - 34. What are the prime factors of t?
3, 19
Suppose 222272 = 64*h - 59840. List the prime factors of h.
2, 19, 29
Suppose -2*q = 2*y - 4*q - 24, -4*q = y - 32. List the prime factors of (-63)/14*y*-3.
2, 3
Let i be (-4)/(-3)*(-24)/(-8). Suppose t + 343 = i*z, 2*z + t + 2 = 181. Suppose -5*l = -4*u - 0*l + z, l + 114 = 5*u. What are the prime factors of u?
23
Let k(d) = -d - 19. Let m be k(-19). Suppose m*h - 5*h = -1225. What are the prime factors of h?
5, 7
Suppose 221*l - 30858 = 215*l. What are the prime factors of l?
37, 139
Let z(h) be the third derivative of h**5/20 - h**4/6 + h**3/2 + 3*h**2. What are the prime factors of z(-4)?
67
Suppose 0 = 3*c - 2*h + 2, c - 4 - 2 = 4*h. Let w be 0/(5/((-5)/c)). Suppose 4*v = w, v - 1 = z - 3. What are the prime factors of z?
2
List the prime factors of 7 + 1 + 12960/8.
2, 11, 37
Suppose -4*p - 2*c - 19 = 55, 2*c - 46 = 2*p. Let t = p + 22. List the prime factors of t.
2
Let r = 100 - 100. Suppose r = -q - q + 598. What are the prime factors of q?
13, 23
Let o(g) = 289*g**2 + g. Let c be o(1). Let b = c - 204. What are the prime factors of b?
2, 43
List the prime factors of (3 - 8)*-564 + 2.
2, 17, 83
Let g = -196 + 315. Let u(q) = -2*q**3 - 3*q**2 + 2. Let b be u(-4). Suppose 3*h = b + g. List the prime factors of h.
67
Let x(d) = -3*d + 18. Let z be x(-6). Let u = z - -28. What are the prime factors of u?
2
Suppose 4*y + y - 15 = 0. Suppose y*h + 1 - 7 = 0. Suppose -3*k + k = -4*b - 72, 3*k - 100 = -h*b. List the prime factors of k.
2, 17
Let i(a) = -50*a - 79. List the prime factors of i(-13).
571
Let f(k) = 6*k + k**3 - 6*k**2 - 5*k**2 - 6*k**3 + 4*k**3. Let s be f(-12). Suppose s = 3*i - 81. List the prime factors of i.
3, 17
Let a(c) = 7*c**2 - 11*c + 4 + 2 - c**3 + 12*c + 2. Let o be 28/6*(-6)/(-4). What are the prime factors of a(o)?
3, 5
Suppose -5 = 3*l - 4*l, -5*l - 5 = -2*x. Let c(m) = 4*m**2 + x*m**2 - 5 + 2*m + 5. What are the prime factors of c(-2)?
2, 3
Let q(y) = 3*y - 1. Let d(v) = -7*v + 3. Let z(u) = -4*d(u) - 9*q(u). Suppose 3*s - 4 = -2*l + 7*s, 0 = 3*l - 4*s - 12. What are the prime factors of z(l)?
5
Let c(b) = 4*b**2 + 4. Let k be c(-3). Suppose 5*h - k = 4*h. Suppose 0 = 4*a - 24 - h. What are the prime factors of a?
2
Let r(l) = l**3 - 7*l**2 + 5*l - 8. Let a(h) = -3*h**3 + 21*h**2 - 14*h + 23. Let i(j) = -2*a(j) - 7*r(j). Let w = -11 - -17. List the prime factors of i(w).
2
Let t be (-2)/3 - (70/(-15) + 1). Suppose -t*v + 233 = -5*b, -334 = -5*v + v + 2*b. List the prime factors of v.
2, 43
Let c = 43 - 35. Let g(a) = -a**2 - 6*a + c*a - 2*a + 42. What are the prime factors of g(0)?
2, 3, 7
Let q(